{"id":3908,"date":"2026-01-08T20:23:27","date_gmt":"2026-01-08T19:23:27","guid":{"rendered":"https:\/\/ciusatourism.com\/?page_id=3908"},"modified":"2026-01-08T20:39:36","modified_gmt":"2026-01-08T19:39:36","slug":"transport","status":"publish","type":"page","link":"https:\/\/ciusatourism.com\/index.php\/transport\/","title":{"rendered":"Transport"},"content":{"rendered":"\t\t<div data-elementor-type=\"wp-page\" data-elementor-id=\"3908\" class=\"elementor elementor-3908\">\n\t\t\t\t<div class=\"elementor-element elementor-element-7d83880 e-con-full e-flex e-con e-parent\" data-id=\"7d83880\" data-element_type=\"container\" data-e-type=\"container\">\n\t\t\t\t<div class=\"elementor-element elementor-element-64780ca exad-sticky-section-no exad-glass-effect-no elementor-widget elementor-widget-image\" data-id=\"64780ca\" data-element_type=\"widget\" data-e-type=\"widget\" data-widget_type=\"image.default\">\n\t\t\t\t<div class=\"elementor-widget-container\">\n\t\t\t\t\t\t\t\t\t\t\t\t\t\t\t<img fetchpriority=\"high\" decoding=\"async\" width=\"1920\" height=\"730\" src=\"https:\/\/ciusatourism.com\/wp-content\/uploads\/2026\/01\/3.jpg\" class=\"attachment-full size-full wp-image-3911\" alt=\"\" srcset=\"https:\/\/ciusatourism.com\/wp-content\/uploads\/2026\/01\/3.jpg 1920w, https:\/\/ciusatourism.com\/wp-content\/uploads\/2026\/01\/3-300x114.jpg 300w, https:\/\/ciusatourism.com\/wp-content\/uploads\/2026\/01\/3-1024x389.jpg 1024w, https:\/\/ciusatourism.com\/wp-content\/uploads\/2026\/01\/3-768x292.jpg 768w, https:\/\/ciusatourism.com\/wp-content\/uploads\/2026\/01\/3-1536x584.jpg 1536w\" sizes=\"(max-width: 1920px) 100vw, 1920px\" \/>\t\t\t\t\t\t\t\t\t\t\t\t\t\t\t<\/div>\n\t\t\t\t<\/div>\n\t\t\t\t<\/div>\n\t\t<div class=\"elementor-element elementor-element-6544209 e-flex e-con-boxed e-con e-parent\" data-id=\"6544209\" data-element_type=\"container\" data-e-type=\"container\">\n\t\t\t\t\t<div class=\"e-con-inner\">\n\t\t\t\t<div class=\"elementor-element elementor-element-f990e52 exad-sticky-section-no exad-glass-effect-no elementor-widget elementor-widget-text-editor\" data-id=\"f990e52\" data-element_type=\"widget\" data-e-type=\"widget\" data-widget_type=\"text-editor.default\">\n\t\t\t\t<div class=\"elementor-widget-container\">\n\t\t\t\t\t\t\t\t\t<p>Que vous soyez visiteur ou r\u00e9sident, plusieurs solutions de transport sont disponibles pour vos d\u00e9placements en C\u00f4te d\u2019Ivoire. Retrouvez ci-dessous les principales options.<\/p>\t\t\t\t\t\t\t\t<\/div>\n\t\t\t\t<\/div>\n\t\t\t\t\t<\/div>\n\t\t\t\t<\/div>\n\t\t<div class=\"elementor-element elementor-element-2a451e0 e-flex e-con-boxed e-con e-parent\" data-id=\"2a451e0\" data-element_type=\"container\" data-e-type=\"container\">\n\t\t\t\t\t<div class=\"e-con-inner\">\n\t\t<div class=\"elementor-element elementor-element-110ce78 e-con-full e-flex e-con e-child\" data-id=\"110ce78\" data-element_type=\"container\" data-e-type=\"container\">\n\t\t\t\t<div class=\"elementor-element elementor-element-737dcba exad-sticky-section-no exad-glass-effect-no elementor-widget elementor-widget-heading\" data-id=\"737dcba\" data-element_type=\"widget\" data-e-type=\"widget\" data-widget_type=\"heading.default\">\n\t\t\t\t<div class=\"elementor-widget-container\">\n\t\t\t\t\t<h2 class=\"elementor-heading-title elementor-size-default\">Location de voiture\n<\/h2>\t\t\t\t<\/div>\n\t\t\t\t<\/div>\n\t\t\t\t<div class=\"elementor-element elementor-element-814670d exad-sticky-section-no exad-glass-effect-no elementor-widget elementor-widget-text-editor\" data-id=\"814670d\" data-element_type=\"widget\" data-e-type=\"widget\" data-widget_type=\"text-editor.default\">\n\t\t\t\t<div class=\"elementor-widget-container\">\n\t\t\t\t\t\t\t\t\tPour plus de libert\u00e9, vous pouvez louer un v\u00e9hicule aupr\u00e8s d\u2019agences certifi\u00e9es.\t\t\t\t\t\t\t\t<\/div>\n\t\t\t\t<\/div>\n\t\t\t\t<div class=\"elementor-element elementor-element-6e13bfd exad-sticky-section-no exad-glass-effect-no elementor-widget elementor-widget-heading\" data-id=\"6e13bfd\" data-element_type=\"widget\" data-e-type=\"widget\" data-widget_type=\"heading.default\">\n\t\t\t\t<div class=\"elementor-widget-container\">\n\t\t\t\t\t<h2 class=\"elementor-heading-title elementor-size-default\">Avantages principaux\n<\/h2>\t\t\t\t<\/div>\n\t\t\t\t<\/div>\n\t\t\t\t<div class=\"elementor-element elementor-element-ee8c387 exad-sticky-section-no exad-glass-effect-no elementor-widget elementor-widget-text-editor\" data-id=\"ee8c387\" data-element_type=\"widget\" data-e-type=\"widget\" data-widget_type=\"text-editor.default\">\n\t\t\t\t<div class=\"elementor-widget-container\">\n\t\t\t\t\t\t\t\t\t<ul class=\"elementor-icon-list-items\"><li class=\"elementor-icon-list-item\"><span class=\"elementor-icon-list-text\">La libert\u00e9, l&rsquo;autonomie et la flexibilit\u00e9 pour explorer le pays<\/span><\/li><li class=\"elementor-icon-list-item\"><span class=\"elementor-icon-list-text\">La possibilit\u00e9 d&rsquo;explorer des lieux hors des sentiers battus<\/span><\/li><li class=\"elementor-icon-list-item\"><span class=\"elementor-icon-list-text\">L&rsquo;adaptabilit\u00e9, le confort et la commodit\u00e9\u200b<\/span><\/li><\/ul>\t\t\t\t\t\t\t\t<\/div>\n\t\t\t\t<\/div>\n\t\t\t\t<\/div>\n\t\t<div class=\"elementor-element elementor-element-f5d4499 e-con-full e-flex e-con e-child\" data-id=\"f5d4499\" data-element_type=\"container\" data-e-type=\"container\">\n\t\t\t\t<div class=\"elementor-element elementor-element-d143456 exad-sticky-section-no exad-glass-effect-no elementor-widget elementor-widget-image\" data-id=\"d143456\" data-element_type=\"widget\" data-e-type=\"widget\" data-widget_type=\"image.default\">\n\t\t\t\t<div class=\"elementor-widget-container\">\n\t\t\t\t\t\t\t\t\t\t\t\t\t\t\t<img decoding=\"async\" width=\"640\" height=\"427\" src=\"https:\/\/ciusatourism.com\/wp-content\/uploads\/2026\/01\/20980.webp\" class=\"attachment-large size-large wp-image-3912\" alt=\"\" srcset=\"https:\/\/ciusatourism.com\/wp-content\/uploads\/2026\/01\/20980.webp 1000w, https:\/\/ciusatourism.com\/wp-content\/uploads\/2026\/01\/20980-300x200.webp 300w, https:\/\/ciusatourism.com\/wp-content\/uploads\/2026\/01\/20980-768x512.webp 768w\" sizes=\"(max-width: 640px) 100vw, 640px\" \/>\t\t\t\t\t\t\t\t\t\t\t\t\t\t\t<\/div>\n\t\t\t\t<\/div>\n\t\t\t\t<\/div>\n\t\t\t\t\t<\/div>\n\t\t\t\t<\/div>\n\t\t<div class=\"elementor-element elementor-element-1ebba1a e-flex e-con-boxed e-con e-parent\" data-id=\"1ebba1a\" data-element_type=\"container\" data-e-type=\"container\">\n\t\t\t\t\t<div class=\"e-con-inner\">\n\t\t\t\t<div class=\"elementor-element elementor-element-89a1ebe exad-sticky-section-no exad-glass-effect-no elementor-widget elementor-widget-heading\" data-id=\"89a1ebe\" data-element_type=\"widget\" data-e-type=\"widget\" data-widget_type=\"heading.default\">\n\t\t\t\t<div class=\"elementor-widget-container\">\n\t\t\t\t\t<h2 class=\"elementor-heading-title elementor-size-default\">VTC (Voitures de transport avec chauffeur)\n<\/h2>\t\t\t\t<\/div>\n\t\t\t\t<\/div>\n\t\t\t\t<div class=\"elementor-element elementor-element-35eccfb exad-sticky-section-no exad-glass-effect-no elementor-widget elementor-widget-text-editor\" data-id=\"35eccfb\" data-element_type=\"widget\" data-e-type=\"widget\" data-widget_type=\"text-editor.default\">\n\t\t\t\t<div class=\"elementor-widget-container\">\n\t\t\t\t\t\t\t\t\tPar contre, pour un confort accru, une s\u00e9curit\u00e9 am\u00e9lior\u00e9e gr\u00e2ce \u00e0 des r\u00e9glementations plus strictes, une exp\u00e9rience personnalis\u00e9e avec des chauffeurs connaissant bien la r\u00e9gion, et une flexibilit\u00e9 dans la r\u00e9servation \u00e0 tout moment, optez pour un service VTC (voitures de transport avec chauffeur).\t\t\t\t\t\t\t\t<\/div>\n\t\t\t\t<\/div>\n\t\t\t\t\t<\/div>\n\t\t\t\t<\/div>\n\t\t<div class=\"elementor-element elementor-element-2f9a704 e-flex e-con-boxed e-con e-parent\" data-id=\"2f9a704\" data-element_type=\"container\" data-e-type=\"container\">\n\t\t\t\t\t<div class=\"e-con-inner\">\n\t\t<div class=\"elementor-element elementor-element-3326553 e-con-full e-flex e-con e-child\" data-id=\"3326553\" data-element_type=\"container\" data-e-type=\"container\">\n\t\t\t\t<div class=\"elementor-element elementor-element-4f4431b exad-sticky-section-no exad-glass-effect-no elementor-widget elementor-widget-image\" data-id=\"4f4431b\" data-element_type=\"widget\" data-e-type=\"widget\" data-widget_type=\"image.default\">\n\t\t\t\t<div class=\"elementor-widget-container\">\n\t\t\t\t\t\t\t\t\t\t\t\t\t\t\t<img decoding=\"async\" src=\"https:\/\/ciusatourism.com\/wp-content\/uploads\/2026\/01\/yango-logo-brandlogos.net_zfi74ddhl.svg\" title=\"yango-logo-brandlogos.net_zfi74ddhl\" alt=\"yango-logo-brandlogos.net_zfi74ddhl\" loading=\"lazy\" \/>\t\t\t\t\t\t\t\t\t\t\t\t\t\t\t<\/div>\n\t\t\t\t<\/div>\n\t\t\t\t<div class=\"elementor-element elementor-element-fbc5c6b exad-sticky-section-no exad-glass-effect-no elementor-widget elementor-widget-heading\" data-id=\"fbc5c6b\" data-element_type=\"widget\" data-e-type=\"widget\" data-widget_type=\"heading.default\">\n\t\t\t\t<div class=\"elementor-widget-container\">\n\t\t\t\t\t<h2 class=\"elementor-heading-title elementor-size-default\">Yango\n<\/h2>\t\t\t\t<\/div>\n\t\t\t\t<\/div>\n\t\t\t\t<div class=\"elementor-element elementor-element-ced3dab exad-sticky-section-no exad-glass-effect-no elementor-widget elementor-widget-text-editor\" data-id=\"ced3dab\" data-element_type=\"widget\" data-e-type=\"widget\" data-widget_type=\"text-editor.default\">\n\t\t\t\t<div class=\"elementor-widget-container\">\n\t\t\t\t\t\t\t\t\t<p>Une plateforme internationale, simple et accessible, qui op\u00e8re aussi en C\u00f4te d\u2019Ivoire, notamment \u00e0 Abidjan et dans d\u2019autres villes comme Bouak\u00e9<\/p>\t\t\t\t\t\t\t\t<\/div>\n\t\t\t\t<\/div>\n\t\t\t\t<div class=\"elementor-element elementor-element-d866583 elementor-align-center exad-sticky-section-no exad-glass-effect-no elementor-widget elementor-widget-button\" data-id=\"d866583\" data-element_type=\"widget\" data-e-type=\"widget\" data-widget_type=\"button.default\">\n\t\t\t\t<div class=\"elementor-widget-container\">\n\t\t\t\t\t\t\t\t\t<div class=\"elementor-button-wrapper\">\n\t\t\t\t\t<a class=\"elementor-button elementor-button-link elementor-size-sm\" href=\"https:\/\/yango.com\/fr_ci\/rider\/calltaxi\/?srsltid=AfmBOooi8auDwABierPoPrJi4S_52rShDTbDu_2JhNNHSi9PKVRqsnMU\">\n\t\t\t\t\t\t<span class=\"elementor-button-content-wrapper\">\n\t\t\t\t\t\t\t\t\t<span class=\"elementor-button-text\">Utiliser Yango<\/span>\n\t\t\t\t\t<\/span>\n\t\t\t\t\t<\/a>\n\t\t\t\t<\/div>\n\t\t\t\t\t\t\t\t<\/div>\n\t\t\t\t<\/div>\n\t\t\t\t<\/div>\n\t\t<div class=\"elementor-element elementor-element-2c5247f e-con-full e-flex elementor-invisible e-con e-child\" data-id=\"2c5247f\" data-element_type=\"container\" data-e-type=\"container\" data-settings=\"{&quot;animation&quot;:&quot;fadeIn&quot;}\">\n\t\t\t\t<div class=\"elementor-element elementor-element-66b4f1a exad-sticky-section-no exad-glass-effect-no elementor-widget elementor-widget-image\" data-id=\"66b4f1a\" data-element_type=\"widget\" data-e-type=\"widget\" data-widget_type=\"image.default\">\n\t\t\t\t<div class=\"elementor-widget-container\">\n\t\t\t\t\t\t\t\t\t\t\t\t\t\t\t<img decoding=\"async\" width=\"640\" height=\"265\" src=\"https:\/\/ciusatourism.com\/wp-content\/uploads\/2026\/01\/8aa4d1f60de468d00fdce0b58108857c-1536x636-1-1024x424.webp\" class=\"attachment-large size-large wp-image-3914\" alt=\"\" srcset=\"https:\/\/ciusatourism.com\/wp-content\/uploads\/2026\/01\/8aa4d1f60de468d00fdce0b58108857c-1536x636-1-1024x424.webp 1024w, https:\/\/ciusatourism.com\/wp-content\/uploads\/2026\/01\/8aa4d1f60de468d00fdce0b58108857c-1536x636-1-300x124.webp 300w, https:\/\/ciusatourism.com\/wp-content\/uploads\/2026\/01\/8aa4d1f60de468d00fdce0b58108857c-1536x636-1-768x318.webp 768w, https:\/\/ciusatourism.com\/wp-content\/uploads\/2026\/01\/8aa4d1f60de468d00fdce0b58108857c-1536x636-1.webp 1536w\" sizes=\"(max-width: 640px) 100vw, 640px\" \/>\t\t\t\t\t\t\t\t\t\t\t\t\t\t\t<\/div>\n\t\t\t\t<\/div>\n\t\t\t\t<div class=\"elementor-element elementor-element-f1bc977 exad-sticky-section-no exad-glass-effect-no elementor-widget elementor-widget-heading\" data-id=\"f1bc977\" data-element_type=\"widget\" data-e-type=\"widget\" data-widget_type=\"heading.default\">\n\t\t\t\t<div class=\"elementor-widget-container\">\n\t\t\t\t\t<h2 class=\"elementor-heading-title elementor-size-default\">Uber<\/h2>\t\t\t\t<\/div>\n\t\t\t\t<\/div>\n\t\t\t\t<div class=\"elementor-element elementor-element-4709c1a exad-sticky-section-no exad-glass-effect-no elementor-widget elementor-widget-text-editor\" data-id=\"4709c1a\" data-element_type=\"widget\" data-e-type=\"widget\" data-widget_type=\"text-editor.default\">\n\t\t\t\t<div class=\"elementor-widget-container\">\n\t\t\t\t\t\t\t\t\t<p>Leader mondial du secteur des voitures de transport avec chauffeur, cette plateforme am\u00e9ricaine est \u00e9galement pr\u00e9sente sur le march\u00e9 ivoirien.<\/p>\t\t\t\t\t\t\t\t<\/div>\n\t\t\t\t<\/div>\n\t\t\t\t<div class=\"elementor-element elementor-element-99133a5 elementor-align-center exad-sticky-section-no exad-glass-effect-no elementor-widget elementor-widget-button\" data-id=\"99133a5\" data-element_type=\"widget\" data-e-type=\"widget\" data-widget_type=\"button.default\">\n\t\t\t\t<div class=\"elementor-widget-container\">\n\t\t\t\t\t\t\t\t\t<div class=\"elementor-button-wrapper\">\n\t\t\t\t\t<a class=\"elementor-button elementor-button-link elementor-size-sm\" href=\"https:\/\/www.uber.com\/global\/fr\/r\/cities\/abidjan-abidjan-ci\/\">\n\t\t\t\t\t\t<span class=\"elementor-button-content-wrapper\">\n\t\t\t\t\t\t\t\t\t<span class=\"elementor-button-text\">Commander un Uber<\/span>\n\t\t\t\t\t<\/span>\n\t\t\t\t\t<\/a>\n\t\t\t\t<\/div>\n\t\t\t\t\t\t\t\t<\/div>\n\t\t\t\t<\/div>\n\t\t\t\t<\/div>\n\t\t<div class=\"elementor-element elementor-element-42da491 e-con-full e-flex e-con e-child\" data-id=\"42da491\" data-element_type=\"container\" data-e-type=\"container\" data-settings=\"{&quot;background_background&quot;:&quot;classic&quot;}\">\n\t\t\t\t<div class=\"elementor-element elementor-element-92db25e exad-sticky-section-no exad-glass-effect-no elementor-widget elementor-widget-image\" data-id=\"92db25e\" data-element_type=\"widget\" data-e-type=\"widget\" data-widget_type=\"image.default\">\n\t\t\t\t<div class=\"elementor-widget-container\">\n\t\t\t\t\t\t\t\t\t\t\t\t\t\t\t<img loading=\"lazy\" decoding=\"async\" width=\"228\" height=\"42\" src=\"https:\/\/ciusatourism.com\/wp-content\/uploads\/2026\/01\/66363a80a941c086eadfd60f_logo_white.svg\" class=\"attachment-full size-full wp-image-3913\" alt=\"\" \/>\t\t\t\t\t\t\t\t\t\t\t\t\t\t\t<\/div>\n\t\t\t\t<\/div>\n\t\t\t\t<div class=\"elementor-element elementor-element-ee7d2e7 exad-sticky-section-no exad-glass-effect-no elementor-widget elementor-widget-heading\" data-id=\"ee7d2e7\" data-element_type=\"widget\" data-e-type=\"widget\" data-widget_type=\"heading.default\">\n\t\t\t\t<div class=\"elementor-widget-container\">\n\t\t\t\t\t<h2 class=\"elementor-heading-title elementor-size-default\">Heetch<\/h2>\t\t\t\t<\/div>\n\t\t\t\t<\/div>\n\t\t\t\t<div class=\"elementor-element elementor-element-b83d878 exad-sticky-section-no exad-glass-effect-no elementor-widget elementor-widget-text-editor\" data-id=\"b83d878\" data-element_type=\"widget\" data-e-type=\"widget\" data-widget_type=\"text-editor.default\">\n\t\t\t\t<div class=\"elementor-widget-container\">\n\t\t\t\t\t\t\t\t\tUne autre application de VTC populaire, id\u00e9ale pour explorer la C\u00f4te d\u2019Ivoire en soir\u00e9e ou en week-end et adapt\u00e9e aux trajets urbains.\t\t\t\t\t\t\t\t<\/div>\n\t\t\t\t<\/div>\n\t\t\t\t<div class=\"elementor-element elementor-element-4dfa943 elementor-align-center exad-sticky-section-no exad-glass-effect-no elementor-widget elementor-widget-button\" data-id=\"4dfa943\" data-element_type=\"widget\" data-e-type=\"widget\" data-widget_type=\"button.default\">\n\t\t\t\t<div class=\"elementor-widget-container\">\n\t\t\t\t\t\t\t\t\t<div class=\"elementor-button-wrapper\">\n\t\t\t\t\t<a class=\"elementor-button elementor-button-link elementor-size-sm\" href=\"https:\/\/yango.com\/fr_ci\/rider\/calltaxi\/?srsltid=AfmBOooi8auDwABierPoPrJi4S_52rShDTbDu_2JhNNHSi9PKVRqsnMU\">\n\t\t\t\t\t\t<span class=\"elementor-button-content-wrapper\">\n\t\t\t\t\t\t\t\t\t<span class=\"elementor-button-text\">Utiliser Heetch<\/span>\n\t\t\t\t\t<\/span>\n\t\t\t\t\t<\/a>\n\t\t\t\t<\/div>\n\t\t\t\t\t\t\t\t<\/div>\n\t\t\t\t<\/div>\n\t\t\t\t<\/div>\n\t\t\t\t\t<\/div>\n\t\t\t\t<\/div>\n\t\t\t\t<\/div>\n\t\t","protected":false},"excerpt":{"rendered":"<p>Que vous soyez visiteur ou r\u00e9sident, plusieurs solutions de transport sont disponibles pour vos d\u00e9placements en C\u00f4te d\u2019Ivoire. Retrouvez ci-dessous les principales options. Location de voiture Pour plus de libert\u00e9, vous pouvez louer un v\u00e9hicule aupr\u00e8s d\u2019agences certifi\u00e9es. Avantages principaux La libert\u00e9, l&rsquo;autonomie et la flexibilit\u00e9 pour explorer le pays La possibilit\u00e9 d&rsquo;explorer des lieux [&hellip;]<\/p>\n","protected":false},"author":1,"featured_media":0,"parent":0,"menu_order":0,"comment_status":"closed","ping_status":"closed","template":"elementor_header_footer","meta":{"footnotes":""},"class_list":["post-3908","page","type-page","status-publish","hentry"],"acf":[],"yoast_head":"<!-- This site is optimized with the Yoast SEO plugin v27.4 - https:\/\/yoast.com\/product\/yoast-seo-wordpress\/ -->\n<title>Transport - ciusatourism<\/title>\n<meta name=\"robots\" content=\"noindex, follow, max-snippet:-1, max-image-preview:large, max-video-preview:-1\" \/>\n<meta property=\"og:locale\" content=\"fr_FR\" \/>\n<meta property=\"og:type\" content=\"article\" \/>\n<meta property=\"og:title\" content=\"Transport - ciusatourism\" \/>\n<meta property=\"og:description\" content=\"Que vous soyez visiteur ou r\u00e9sident, plusieurs solutions de transport sont disponibles pour vos d\u00e9placements en C\u00f4te d\u2019Ivoire. Retrouvez ci-dessous les principales options. Location de voiture Pour plus de libert\u00e9, vous pouvez louer un v\u00e9hicule aupr\u00e8s d\u2019agences certifi\u00e9es. Avantages principaux La libert\u00e9, l&rsquo;autonomie et la flexibilit\u00e9 pour explorer le pays La possibilit\u00e9 d&rsquo;explorer des lieux [&hellip;]\" \/>\n<meta property=\"og:url\" content=\"https:\/\/ciusatourism.com\/index.php\/transport\/\" \/>\n<meta property=\"og:site_name\" content=\"ciusatourism\" \/>\n<meta property=\"article:modified_time\" content=\"2026-01-08T19:39:36+00:00\" \/>\n<meta property=\"og:image\" content=\"https:\/\/ciusatourism.com\/wp-content\/uploads\/2026\/01\/3.jpg\" \/>\n\t<meta property=\"og:image:width\" content=\"1920\" \/>\n\t<meta property=\"og:image:height\" content=\"730\" \/>\n\t<meta property=\"og:image:type\" content=\"image\/jpeg\" \/>\n<meta name=\"twitter:card\" content=\"summary_large_image\" \/>\n<meta name=\"twitter:label1\" content=\"Dur\u00e9e de lecture estim\u00e9e\" \/>\n\t<meta name=\"twitter:data1\" content=\"2 minutes\" \/>\n<script type=\"application\/ld+json\" class=\"yoast-schema-graph\">{\"@context\":\"https:\\\/\\\/schema.org\",\"@graph\":[{\"@type\":\"WebPage\",\"@id\":\"https:\\\/\\\/ciusatourism.com\\\/index.php\\\/transport\\\/\",\"url\":\"https:\\\/\\\/ciusatourism.com\\\/index.php\\\/transport\\\/\",\"name\":\"Transport - ciusatourism\",\"isPartOf\":{\"@id\":\"https:\\\/\\\/ciusatourism.com\\\/#website\"},\"primaryImageOfPage\":{\"@id\":\"https:\\\/\\\/ciusatourism.com\\\/index.php\\\/transport\\\/#primaryimage\"},\"image\":{\"@id\":\"https:\\\/\\\/ciusatourism.com\\\/index.php\\\/transport\\\/#primaryimage\"},\"thumbnailUrl\":\"https:\\\/\\\/ciusatourism.com\\\/wp-content\\\/uploads\\\/2026\\\/01\\\/3.jpg\",\"datePublished\":\"2026-01-08T19:23:27+00:00\",\"dateModified\":\"2026-01-08T19:39:36+00:00\",\"breadcrumb\":{\"@id\":\"https:\\\/\\\/ciusatourism.com\\\/index.php\\\/transport\\\/#breadcrumb\"},\"inLanguage\":\"fr-FR\",\"potentialAction\":[{\"@type\":\"ReadAction\",\"target\":[\"https:\\\/\\\/ciusatourism.com\\\/index.php\\\/transport\\\/\"]}]},{\"@type\":\"ImageObject\",\"inLanguage\":\"fr-FR\",\"@id\":\"https:\\\/\\\/ciusatourism.com\\\/index.php\\\/transport\\\/#primaryimage\",\"url\":\"https:\\\/\\\/ciusatourism.com\\\/wp-content\\\/uploads\\\/2026\\\/01\\\/3.jpg\",\"contentUrl\":\"https:\\\/\\\/ciusatourism.com\\\/wp-content\\\/uploads\\\/2026\\\/01\\\/3.jpg\",\"width\":1920,\"height\":730},{\"@type\":\"BreadcrumbList\",\"@id\":\"https:\\\/\\\/ciusatourism.com\\\/index.php\\\/transport\\\/#breadcrumb\",\"itemListElement\":[{\"@type\":\"ListItem\",\"position\":1,\"name\":\"Accueil\",\"item\":\"https:\\\/\\\/ciusatourism.com\\\/\"},{\"@type\":\"ListItem\",\"position\":2,\"name\":\"Transport\"}]},{\"@type\":\"WebSite\",\"@id\":\"https:\\\/\\\/ciusatourism.com\\\/#website\",\"url\":\"https:\\\/\\\/ciusatourism.com\\\/\",\"name\":\"ciusatourism\",\"description\":\"IVOIRE TRIPS\",\"potentialAction\":[{\"@type\":\"SearchAction\",\"target\":{\"@type\":\"EntryPoint\",\"urlTemplate\":\"https:\\\/\\\/ciusatourism.com\\\/?s={search_term_string}\"},\"query-input\":{\"@type\":\"PropertyValueSpecification\",\"valueRequired\":true,\"valueName\":\"search_term_string\"}}],\"inLanguage\":\"fr-FR\"}]}<\/script>\n<!-- \/ Yoast SEO plugin. -->","yoast_head_json":{"title":"Transport - ciusatourism","robots":{"index":"noindex","follow":"follow","max-snippet":"max-snippet:-1","max-image-preview":"max-image-preview:large","max-video-preview":"max-video-preview:-1"},"og_locale":"fr_FR","og_type":"article","og_title":"Transport - ciusatourism","og_description":"Que vous soyez visiteur ou r\u00e9sident, plusieurs solutions de transport sont disponibles pour vos d\u00e9placements en C\u00f4te d\u2019Ivoire. Retrouvez ci-dessous les principales options. Location de voiture Pour plus de libert\u00e9, vous pouvez louer un v\u00e9hicule aupr\u00e8s d\u2019agences certifi\u00e9es. Avantages principaux La libert\u00e9, l&rsquo;autonomie et la flexibilit\u00e9 pour explorer le pays La possibilit\u00e9 d&rsquo;explorer des lieux [&hellip;]","og_url":"https:\/\/ciusatourism.com\/index.php\/transport\/","og_site_name":"ciusatourism","article_modified_time":"2026-01-08T19:39:36+00:00","og_image":[{"width":1920,"height":730,"url":"https:\/\/ciusatourism.com\/wp-content\/uploads\/2026\/01\/3.jpg","type":"image\/jpeg"}],"twitter_card":"summary_large_image","twitter_misc":{"Dur\u00e9e de lecture estim\u00e9e":"2 minutes"},"schema":{"@context":"https:\/\/schema.org","@graph":[{"@type":"WebPage","@id":"https:\/\/ciusatourism.com\/index.php\/transport\/","url":"https:\/\/ciusatourism.com\/index.php\/transport\/","name":"Transport - ciusatourism","isPartOf":{"@id":"https:\/\/ciusatourism.com\/#website"},"primaryImageOfPage":{"@id":"https:\/\/ciusatourism.com\/index.php\/transport\/#primaryimage"},"image":{"@id":"https:\/\/ciusatourism.com\/index.php\/transport\/#primaryimage"},"thumbnailUrl":"https:\/\/ciusatourism.com\/wp-content\/uploads\/2026\/01\/3.jpg","datePublished":"2026-01-08T19:23:27+00:00","dateModified":"2026-01-08T19:39:36+00:00","breadcrumb":{"@id":"https:\/\/ciusatourism.com\/index.php\/transport\/#breadcrumb"},"inLanguage":"fr-FR","potentialAction":[{"@type":"ReadAction","target":["https:\/\/ciusatourism.com\/index.php\/transport\/"]}]},{"@type":"ImageObject","inLanguage":"fr-FR","@id":"https:\/\/ciusatourism.com\/index.php\/transport\/#primaryimage","url":"https:\/\/ciusatourism.com\/wp-content\/uploads\/2026\/01\/3.jpg","contentUrl":"https:\/\/ciusatourism.com\/wp-content\/uploads\/2026\/01\/3.jpg","width":1920,"height":730},{"@type":"BreadcrumbList","@id":"https:\/\/ciusatourism.com\/index.php\/transport\/#breadcrumb","itemListElement":[{"@type":"ListItem","position":1,"name":"Accueil","item":"https:\/\/ciusatourism.com\/"},{"@type":"ListItem","position":2,"name":"Transport"}]},{"@type":"WebSite","@id":"https:\/\/ciusatourism.com\/#website","url":"https:\/\/ciusatourism.com\/","name":"ciusatourism","description":"IVOIRE TRIPS","potentialAction":[{"@type":"SearchAction","target":{"@type":"EntryPoint","urlTemplate":"https:\/\/ciusatourism.com\/?s={search_term_string}"},"query-input":{"@type":"PropertyValueSpecification","valueRequired":true,"valueName":"search_term_string"}}],"inLanguage":"fr-FR"}]}},"_links":{"self":[{"href":"https:\/\/ciusatourism.com\/index.php\/wp-json\/wp\/v2\/pages\/3908","targetHints":{"allow":["GET"]}}],"collection":[{"href":"https:\/\/ciusatourism.com\/index.php\/wp-json\/wp\/v2\/pages"}],"about":[{"href":"https:\/\/ciusatourism.com\/index.php\/wp-json\/wp\/v2\/types\/page"}],"author":[{"embeddable":true,"href":"https:\/\/ciusatourism.com\/index.php\/wp-json\/wp\/v2\/users\/1"}],"replies":[{"embeddable":true,"href":"https:\/\/ciusatourism.com\/index.php\/wp-json\/wp\/v2\/comments?post=3908"}],"version-history":[{"count":4,"href":"https:\/\/ciusatourism.com\/index.php\/wp-json\/wp\/v2\/pages\/3908\/revisions"}],"predecessor-version":[{"id":3918,"href":"https:\/\/ciusatourism.com\/index.php\/wp-json\/wp\/v2\/pages\/3908\/revisions\/3918"}],"wp:attachment":[{"href":"https:\/\/ciusatourism.com\/index.php\/wp-json\/wp\/v2\/media?parent=3908"}],"curies":[{"name":"wp","href":"https:\/\/api.w.org\/{rel}","templated":true}]}}